 when 104 is divided by o.
23
Suppose 163 = q - 4*c, 0 = 2*q + 2*c + 107 - 413. Let y = 9365 - 9353. What is the remainder when q is divided by y?
11
Let i(k) = -407 - 2*k + 188 + 200. Let r(d) = d**3 + 9*d**2 + 9*d - 6. Let y be r(-8). Calculate the remainder when i(y) is divided by 7.
2
Suppose -3*o + 37 = l, 5*o - 239*l + 240*l - 63 = 0. Suppose -5*j + 32 = -j. Calculate the remainder when o is divided by j.
5
Suppose 5*i - 4*b - 3 = -2*b, 3*i - 3*b = 9. Let p(t) = -12*t + 30. Calculate the remainder when p(i) is divided by 15.
12
Suppose -5*k + 75 = -p - 4*p, 15 = -p - 3*k. Let x = -9 - p. Calculate the remainder when x is divided by 2.
0
Suppose 0 = 3*b - 15*b + 696. Let q = 75 - b. Calculate the remainder when 47 is divided by q.
13
Let s be 4/(-6) + 573/9. Let w = -12 + s. Suppose -2*k + 11 = o - 14, 40 = 3*k - o. What is the remainder when w is divided by k?
12
Let x(b) = -b**2 + 7*b + 15. Let s be x(8). Let t = 100 + s. What is the remainder when 166 is divided by t/7 + -1 - 76/266?
12
Let b(m) = 9*m**2 + 2*m - 8. Let o be b(4). Calculate the remainder when (-15)/(-1 + 6) + o is divided by 29.
25
Let h(n) = -n**3 - n**2 - 2*n - 3. Suppose 0 = 21*x + 11*x - 352. What is the remainder when x is divided by h(-2)?
1
Let l be 40*(-3*1 - 34/(-10)). Suppose -6*n - l = -688. Suppose -n*m - 104 = -116*m. What is the remainder when m is divided by 9?
8
Suppose 2*p + p - 117 = 0. Let n(d) = -9*d**2 + 35*d. Calculate the remainder when p is divided by n(3).
15
Let v(c) = -11*c**3 + c**2 + 4*c + 4. Let z(d) = d**3 + d + 1. Let g(p) = v(p) - 5*z(p). What is the remainder when 95 is divided by g(-1)?
10
Let d = 33304 - 33207. Calculate the remainder when 319 is divided by d.
28
Let t(b) = -24*b - 425. Let u be t(-18). Let v(p) = -p + 6. Let w be v(-6). Suppose -w = -u*o + 4*o. What is the remainder when o is divided by 4?
0
Suppose 0 = 3*q - 4*g - 102 - 131, 0 = -3*q - g + 208. Suppose 77*z = q*z + 2394. Calculate the remainder when z is divided by 16.
15
Let v = 8463 + -8420. What is the remainder when 3522 is divided by v?
39
Suppose -15 = 23*m - 28*m. Let a(z) = 4*z**2 + 2*z - 1. Suppose l - 4*l - 5*c + 461 = 0, 2*c = -2*l + 314. What is the remainder when l is divided by a(m)?
39
Let k = -13 - -18. Let j = -191593 - -191648. What is the remainder when j is divided by k?
0
Let n = -217 - -89. What is the remainder when 22 is divided by 34/(-5) + 7 + n/(-10)?
9
Let y = -3429 + 3630. Calculate the remainder when 385 is divided by y.
184
Suppose 6*g = -5*m + 239, 5*m + 5*g - 191 = m. Calculate the remainder when 1272 is divided by m.
47
Suppose 5*b - 5*f = 325, -39*b + f = -36*b - 203. Let v(t) = -t**3 + 6*t**2 + 4*t + 1. Calculate the remainder when b is divided by v(6).
19
Let p = -31643 + 31772. Calculate the remainder when 433 is divided by p.
46
What is the remainder when 1184 is divided by (-5100)/(-140) + 3/(-7)?
32
Let h = -70132 - -136511. What is the remainder when h is divided by 29?
27
Let z = 41 + -39. Let v be ((1*104)/4)/z. Let i = 59 - v. Calculate the remainder when i is divided by 17.
12
Let q(u) = 39*u - 122. Let t = -778 - -782. What is the remainder when 295 is divided by q(t)?
23
Let c(n) = 95*n - 550. Suppose -2*l = -6 - 4. What is the remainder when c(6) is divided by l?
0
Let m = 47 + 3. Suppose 3*f + m = -2*u - f, 2*f - 4 = 0. Let h = 74 + u. What is the remainder when h is divided by 12?
9
Let q(i) = -27*i - 42. Suppose 59*b = 51*b - 24. Calculate the remainder when q(b) is divided by 23.
16
Let w = -1382 - -1451. What is the remainder when 405 is divided by w?
60
Let t = 396 + -283. What is the remainder when t is divided by 10?
3
Let m(w) = -27 + 6*w + 0*w - 3*w. Let b(z) = z - 1. Let c(y) = b(y) - m(y). What is the remainder when 29 is divided by c(9)?
5
Suppose 3*i + 9 = 3*q, -2*q - 2 + 14 = 4*i. Let v(l) = l**3 + 9*l**2 + 4*l + 9. What is the remainder when v(-6) is divided by i/3*-1*(-225)/3?
18
Suppose 0 = -4*k - 4*w + 14540, 13*k + 70*w = 73*w + 47287. Calculate the remainder when k is divided by 260.
257
Let h be (-1 + 0)/(9/54). Suppose 0 = -0*j - j + 65. What is the remainder when j is divided by ((-9)/h)/((-12)/(-176))?
21
What is the remainder when 1780 is divided by (-12)/7*3444/(-328)?
16
Suppose -3*m + 185 + 2196 = -2*j, -3*j = 3*m - 2361. Calculate the remainder when m is divided by 36.
35
Let a(f) = 7*f**2 + 4*f - 10. Let i(k) = k**2. Let c(j) = -a(j) + 6*i(j). Let d be c(-5). What is the remainder when 49 is divided by 127/d + 30/50?
23
Let r = -3670 - -3678. Calculate the remainder when 11 is divided by r.
3
What is the remainder when (444/30)/((19/10)/19) is divided by 29?
3
Let u(v) = v**3 + 18*v**2 - 35*v - 189. What is the remainder when 256 is divided by u(-19)?
26
Let y = -24868 + 24951. Calculate the remainder when y is divided by 17.
15
Suppose 14*j - 570 = 8*j. Suppose j*m + 190 = 96*m. What is the remainder when m is divided by 32?
30
Let v = -387 - -400. Suppose 0 = -17*j + 18*j - v. What is the remainder when 43 is divided by j?
4
Let b = 126 + -177. Let k = -92 - -47. Let l = k - b. What is the remainder when 9 is divided by l?
3
Suppose 36*r = 5*r. Suppose -5*a + 3*a + 32 = r. Calculate the remainder when 174 is divided by a.
14
Suppose p + 5*l = -p - 12, 4*p + 2*l = 8. Suppose 9*i - 11*i + 110 = 5*b, 0 = -b - p*i + 40. What is the remainder when 638 is divided by b?
18
Suppose -26*j + 37*j - 1064 = -17*j. Calculate the remainder when 3111 is divided by j.
33
Let t(r) = 25*r**2 + 157*r + 633. What is the remainder when t(-4) is divided by 12?
9
Suppose 0 = 4*n - 2*v - 8, n - 4*v + 3*v = 4. Suppose -2*w - 1 = -5*g - 71, 3*w + 4*g - 59 = n. Calculate the remainder when w is divided by 16.
9
Let x = 253 + -6. Let t = 272 - x. What is the remainder when 74 is divided by t?
24
Let y = 30 - 18. Suppose 132 = -13*l + 17*l. What is the remainder when l is divided by 4/y + (-80)/(-12)?
5
Let a(x) = 0*x - 8 + 0*x + 4*x. Let t be a(0). What is the remainder when 223 is divided by -358*3/(-24) + (-2)/t?
43
Suppose 2*u + 4*s + 36 = 0, s - 6 + 20 = -u. Let f be (-552)/u - 5/25. Let i = f + -29. What is the remainder when i is divided by 7?
5
Suppose 12*x = 11*x + 4*c + 36, -c + 36 = 2*x. What is the remainder when 94 + (-10 + 4 - -5) is divided by x?
13
Let w(u) = u**3 - 2*u**2 + u + 1. Let z be w(2). Let y(t) = 3*t + 69. What is the remainder when (z + -2)*-1 + 26 is divided by y(-20)?
7
Let o = -3762 - -3784. Let z(t) = 37*t + 10. What is the remainder when z(3) is divided by o?
11
Let l(f) = -6*f**2 + 61*f + 3408. Calculate the remainder when l(0) is divided by 1699.
10
Suppose i = -w + 7, 3*w - 8 = 2*i + 3. Suppose -6*f = -1392 - 144. Let x = f - 254. What is the remainder when w is divided by x?
1
Calculate the remainder when 770 is divided by -1 - (-1)/2*(30 - -2)*2.
26
Suppose -4*v + 4*c + 48 = -28, -4*v = 4*c - 84. Let f = -28 + 15. Calculate the remainder when (f + 16)/(6/134) is divided by v.
7
Suppose -143*o + 142*o = -5*q - 188, 30 = 5*q. What is the remainder when 880 is divided by o?
8
Let w = -92 + 131. Calculate the remainder when w is divided by -50 - -50 - ((1 - 14) + -1).
11
Let t(j) = j + 2734. Calculate the remainder when t(-9) is divided by 26.
21
Let o(n) = n**3 - 6*n**2 + n. Let m = 217 - 215. What is the remainder when (-6 + (-121)/22)/((-1)/m) is divided by o(6)?
5
Suppose -2*g = 4*f - 181 - 91, 3*g - 4*f = 368. What is the remainder when g is divided by 19?
14
Let j(f) = -3702 + 2*f + 3643 - 6*f. Let g be 2 - (-4)/(12/(-87)). What is the remainder when j(g) is divided by 28?
21
Let o be 10/1*-3*(-40 + 41). Let m = 14 - o. Calculate the remainder when m is divided by 5.
4
Let y be (20/(-25))/(10/25). What is the remainder when 49 is divided by (-124)/(-8) + (y - (-28)/8)?
15
What is the remainder when 4/(-26) - 272516/(-10036) is divided by 7 - (2 - 0 - 1)?
3
Let t(j) = 3*j**2 - 47*j - 3. Calculate the remainder when 29821/77 + (-4)/14 is divided by t(17).
62
Suppose 0 = -3*m + q + 13, 8*m - 57 = 11*m + 9*q. Calculate the remainder when 2163 is divided by m.
1
Suppose -486*o = -481*o - 2*v - 151, -2*o - 4*v + 46 = 0. Let f = -26 - -122. Calculate the remainder when f is divided by o.
9
Suppose 0 = 22*v + 4*v + 390. What is the remainder when 38 is divided by 2/v - (-8688)/